e the prime factors of 1944046?
2, 13, 74771
What are the prime factors of 676970?
2, 5, 7, 19, 509
What are the prime factors of 11931186?
2, 3, 1988531
What are the prime factors of 59549?
7, 47, 181
What are the prime factors of 20479755?
3, 5, 683, 1999
What are the prime factors of 1040845?
5, 13, 67, 239
What are the prime factors of 915996?
2, 3, 76333
What are the prime factors of 1274255?
5, 31, 8221
List the prime factors of 553064.
2, 257, 269
What are the prime factors of 996290?
2, 5, 67, 1487
What are the prime factors of 356954?
2, 13, 13729
What are the prime factors of 424602?
2, 3, 2621
List the prime factors of 19469776.
2, 23, 191, 277
List the prime factors of 133592.
2, 16699
What are the prime factors of 627818?
2, 313909
List the prime factors of 98846.
2, 11, 4493
What are the prime factors of 285398?
2, 142699
List the prime factors of 307198.
2, 269, 571
What are the prime factors of 1258924?
2, 491, 641
What are the prime factors of 18206495?
5, 487, 7477
What are the prime factors of 447723?
3, 49747
List the prime factors of 8742943.
11, 673, 1181
What are the prime factors of 138618?
2, 3, 17, 151
What are the prime factors of 13392887?
97, 138071
What are the prime factors of 8812088?
2, 1101511
List the prime factors of 20444712.
2, 3, 851863
List the prime factors of 993408.
2, 3, 13, 199
List the prime factors of 430631.
331, 1301
What are the prime factors of 4147523?
59, 70297
List the prime factors of 2342218.
2, 1171109
What are the prime factors of 19896096?
2, 3, 11, 83, 227
List the prime factors of 2127655.
5, 181, 2351
What are the prime factors of 955162?
2, 13, 17, 2161
List the prime factors of 24463698.
2, 3, 7, 582469
List the prime factors of 28936.
2, 3617
List the prime factors of 114682.
2, 17, 3373
What are the prime factors of 9888717?
3, 883, 3733
What are the prime factors of 595797?
3, 198599
List the prime factors of 648496.
2, 40531
What are the prime factors of 197497?
41, 4817
What are the prime factors of 235896?
2, 3, 9829
What are the prime factors of 2094874?
2, 43, 24359
What are the prime factors of 86314?
2, 103, 419
List the prime factors of 205247.
7, 109, 269
List the prime factors of 9062866.
2, 71, 63823
What are the prime factors of 2369106?
2, 3, 131617
What are the prime factors of 5750941?
7, 127, 6469
What are the prime factors of 68080?
2, 5, 23, 37
List the prime factors of 6875559.
3, 103, 7417
What are the prime factors of 1947659?
7, 278237
List the prime factors of 19451067.
3, 6483689
List the prime factors of 1819130.
2, 5, 181913
What are the prime factors of 6211269?
3, 230047
List the prime factors of 10854018.
2, 3, 7, 86143
List the prime factors of 926912.
2, 7, 2069
List the prime factors of 59937.
3, 19979
What are the prime factors of 12680629?
13, 975433
List the prime factors of 6823065.
3, 5, 23, 19777
List the prime factors of 1432807.
1432807
What are the prime factors of 94911?
3, 17, 1861
What are the prime factors of 72283?
41, 43
What are the prime factors of 3683360?
2, 5, 23021
List the prime factors of 664565.
5, 11, 43, 281
List the prime factors of 18961403.
18961403
List the prime factors of 3977757.
3, 7, 103, 613
List the prime factors of 1808597.
7, 37, 6983
List the prime factors of 395810.
2, 5, 39581
List the prime factors of 2318806.
2, 7, 89, 1861
List the prime factors of 6252884.
2, 11, 142111
List the prime factors of 21404585.
5, 4280917
What are the prime factors of 842889?
3, 280963
What are the prime factors of 151324?
2, 37831
List the prime factors of 9116870.
2, 5, 7, 130241
List the prime factors of 1566244.
2, 17, 31, 743
List the prime factors of 44793958.
2, 11, 185099
What are the prime factors of 2606199?
3, 23, 107, 353
List the prime factors of 250805.
5, 103, 487
List the prime factors of 159039.
3, 41, 431
List the prime factors of 763062.
2, 3, 17, 7481
What are the prime factors of 1864803?
3, 41, 15161
List the prime factors of 215197.
215197
What are the prime factors of 3974562?
2, 3, 89, 827
List the prime factors of 21948107.
47, 73, 6397
List the prime factors of 408434.
2, 13, 23, 683
List the prime factors of 142988.
2, 35747
What are the prime factors of 1687151?
1687151
List the prime factors of 533983.
523, 1021
What are the prime factors of 26115169?
107, 2281
What are the prime factors of 1589701?
1589701
What are the prime factors of 583861?
583861
List the prime factors of 753138.
2, 3, 4649
List the prime factors of 59273.
59273
What are the prime factors of 351589?
7, 50227
What are the prime factors of 7129517?
23, 107, 2897
List the prime factors of 197982.
2, 3, 17, 647
List the prime factors of 3910083.
3, 643, 2027
List the prime factors of 1249626.
2, 3, 7, 29753
List the prime factors of 221070.
2, 3, 5, 7369
What are the prime factors of 5248010?
2, 5, 524801
What are the prime factors of 881659?
23, 38333
What are the prime factors of 224783?
13, 17291
What are the prime factors of 207582?
2, 3, 29, 1193
List the prime factors of 135353.
135353
List the prime factors of 167774.
2, 149, 563
List the prime factors of 4361713.
673, 6481
What are the prime factors of 83110?
2, 5, 8311
List the prime factors of 7651670.
2, 5, 13, 71, 829
List the prime factors of 26974215.
3, 5, 149
What are the prime factors of 19616046?
2, 3, 563, 5807
What are the prime factors of 1448770?
2, 5, 23, 6299
List the prime factors of 30056.
2, 13, 17
List the prime factors of 813.
3, 271
What are the prime factors of 675209?
61, 11069
What are the prime factors of 6177962?
2, 7, 41, 47, 229
List the prime factors of 8996303.
8996303
List the prime factors of 2636704.
2, 7, 79, 149
List the prime factors of 1827445.
5, 365489
List the prime factors of 168627.
3, 56209
What are the prime factors of 159711?
3, 139, 383
What are the prime factors of 1231643?
7, 175949
What are the prime factors of 514878?
2, 3, 7, 13, 23, 41
List the prime factors of 49505.
5, 9901
List the prime factors of 6188910.
2, 3, 5, 7, 13, 2267
List the prime factors of 2412828.
2, 3, 11, 677
What are the prime factors of 1890742?
2, 7, 29, 4657
List the prime factors of 1061777.
19, 29, 41, 47
List the prime factors of 7712353.
11, 197, 3559
What are the prime factors of 169985?
5, 33997
List the prime factors of 69043.
13, 47, 113
List the prime factors of 21015073.
1931, 10883
List the prime factors of 200979.
3, 137, 163
What are the prime factors of 85079?
149, 571
What are the prime factors of 3560599?
7, 17, 29921
List the prime factors of 884997.
3, 107, 919
List the prime factors of 3021730.
2, 5, 302173
List the prime factors of 5104720.
2, 5, 63809
What are the prime factors of 2160990?
2, 3, 5, 13, 1847
What are the prime factors of 554439?
3, 19, 71, 137
What are the prime factors of 2952537?
3, 7, 59, 2383
What are the prime factors of 1512358?
2, 756179
What are the prime factors of 69637?
83, 839
What are the prime factors of 180680?
2, 5, 4517
What are the prime factors of 1363056?
2, 3, 73, 389
List the prime factors of 1764527.
97, 18191
List the prime factors of 2627894.
2, 17, 77291
What are the prime factors of 183290?
2, 5, 18329
List the prime factors of 224459.
193, 1163
What are the prime factors of 73621?
83, 887
List the prime factors of 2905615.
5, 193, 3011
List the prime factors of 282511.
19, 14869
List the prime factors of 201985.
5, 7, 29, 199
What are the prime factors of 150209?
150209
What are the prime factors of 466286?
2, 233143
What are the prime factors of 45673?
45673
What are the prime factors of 3936381?
3, 23, 89, 641
What are the prime factors of 159904?
2, 19, 263
List the prime factors of 4734320.
2, 5, 23, 31, 83
List the prime factors of 988705.
5, 197741
What are the prime factors of 1933211?
7, 276173
What are the prime factors of 4618954?
2, 2309477
What are the prime factors of 4036778?
2, 19, 41, 2591
What are the prime factors of 730588?
2, 19, 9613
List the prime factors of 25276827.
3, 223, 37783
What are the prime factors of 26640?
2, 3, 5, 37
What are the prime factors of 145389?
3, 48463
What are the prime factors of 4339208?
2, 542401
What are the prime factors of 14805964?
2, 1777, 2083
List the prime factors of 3678205.
5, 17, 109, 397
What are the prime factors